


{"id":239,"date":"2013-12-26T17:11:30","date_gmt":"2013-12-26T16:11:30","guid":{"rendered":"http:\/\/localhost:8888\/europont\/?page_id=239"},"modified":"2014-01-15T19:34:36","modified_gmt":"2014-01-15T18:34:36","slug":"esp","status":"publish","type":"page","link":"https:\/\/www.europont.fr\/site\/produits\/produits-electroniques\/esp\/","title":{"rendered":"ESP"},"content":{"rendered":"<h1>ESP<\/h1>\n<p><strong>Syst\u00e8me de correction automatique du balancement de la charge.<\/strong><br \/>\nTraditionnellement, les effets de balancement d\u2019une charge d\u00e9plac\u00e9e par un pont roulant peuvent \u00eatre r\u00e9duit si l\u2019op\u00e9rateur poss\u00e8de l\u2019exp\u00e9rience n\u00e9cessaire pour g\u00e9rer les mouvements d\u2019inertie de la charge lors de son d\u00e9placement.<\/p>\n<p>&nbsp;<\/p>\n<p><strong>Avantages produit :<\/strong><\/p>\n<ul>\n<li class=\"top5\">Param\u00e8trage ais\u00e9 depuis l\u2019interface de commande des surlongeurs d\u2019\u00e9linguage.<\/li>\n<li class=\"top5\">Augmentation de la productivit\u00e9 de l\u2019unit\u00e9 de levage.<\/li>\n<li class=\"top5\">L\u2019ESP permet \u00e0 l\u2019utilisateur d\u2019utiliser l\u2019ensemble de la surface de travail, la correction de balancement s\u2019effectue pendant l\u2019ensemble du trajet de la charge quels que soient la hauteur de levage et l\u2019emplacement de la charge.<\/li>\n<li class=\"top5\">Augmentation de la s\u00e9curit\u00e9 pour le personnel utilisateur de l\u2019unit\u00e9 de levage. L\u2019op\u00e9rateur peut concentrer son observation sur la charge \u00e0 d\u00e9placer et pas sur les mouvements du pont roulant.<\/li>\n<li class=\"top5\">R\u00e9duction des co\u00fbts de maintenance (r\u00e9duction des effets de contraintes m\u00e9caniques sur la structure et \u00e9lectriques sur les moteurs).<\/li>\n<\/ul>\n<p><strong>Principe de fonctionnement :<\/strong><br \/>\nLe contr\u00f4le du balancement de la charge est bas\u00e9 sur le calcul du temps du mouvement de balancier et la hauteur de lev\u00e9e. L\u2019ESP calcule et corrige automatiquement les mouvements de va-et-vient de la charge sous crochet.<br \/>\n<img loading=\"lazy\" decoding=\"async\" class=\"mt20\" alt=\"Syst\u00e8me anti-balancement ESP de Verlinde\" src=\"http:\/\/www.europont.fr\/site\/wp-content\/uploads\/2013\/12\/balance.jpg\" width=\"400\" height=\"359\" \/><\/p>\n","protected":false},"excerpt":{"rendered":"<p>ESP Syst\u00e8me de correction automatique du balancement de la charge. Traditionnellement, les effets de balancement d\u2019une charge d\u00e9plac\u00e9e par un pont roulant peuvent \u00eatre r\u00e9duit si l\u2019op\u00e9rateur poss\u00e8de l\u2019exp\u00e9rience n\u00e9cessaire pour g\u00e9rer les mouvements d\u2019inertie de la charge lors de son d\u00e9placement. &nbsp; Avantages produit : Param\u00e8trage ais\u00e9 depuis l\u2019interface de commande des surlongeurs d\u2019\u00e9linguage. [&hellip;]<\/p>\n","protected":false},"author":1,"featured_media":0,"parent":231,"menu_order":2,"comment_status":"open","ping_status":"open","template":"","meta":{"_acf_changed":false,"ngg_post_thumbnail":0,"footnotes":""},"class_list":["post-239","page","type-page","status-publish","hentry"],"acf":[],"aioseo_notices":[],"_links":{"self":[{"href":"https:\/\/www.europont.fr\/site\/wp-json\/wp\/v2\/pages\/239"}],"collection":[{"href":"https:\/\/www.europont.fr\/site\/wp-json\/wp\/v2\/pages"}],"about":[{"href":"https:\/\/www.europont.fr\/site\/wp-json\/wp\/v2\/types\/page"}],"author":[{"embeddable":true,"href":"https:\/\/www.europont.fr\/site\/wp-json\/wp\/v2\/users\/1"}],"replies":[{"embeddable":true,"href":"https:\/\/www.europont.fr\/site\/wp-json\/wp\/v2\/comments?post=239"}],"version-history":[{"count":8,"href":"https:\/\/www.europont.fr\/site\/wp-json\/wp\/v2\/pages\/239\/revisions"}],"predecessor-version":[{"id":584,"href":"https:\/\/www.europont.fr\/site\/wp-json\/wp\/v2\/pages\/239\/revisions\/584"}],"up":[{"embeddable":true,"href":"https:\/\/www.europont.fr\/site\/wp-json\/wp\/v2\/pages\/231"}],"wp:attachment":[{"href":"https:\/\/www.europont.fr\/site\/wp-json\/wp\/v2\/media?parent=239"}],"curies":[{"name":"wp","href":"https:\/\/api.w.org\/{rel}","templated":true}]}}