


{"id":37,"date":"2013-12-04T20:00:17","date_gmt":"2013-12-04T19:00:17","guid":{"rendered":"http:\/\/localhost:8888\/europont\/?page_id=37"},"modified":"2023-02-15T15:54:25","modified_gmt":"2023-02-15T14:54:25","slug":"des-services-nombreux","status":"publish","type":"page","link":"https:\/\/www.europont.fr\/site\/societe\/des-services-nombreux\/","title":{"rendered":"Des services nombreux"},"content":{"rendered":"<h1>EUROPONT est un fabricant de ponts roulants&#8230;<\/h1>\n<p>Mais pas seulement et EUROPONT vous propose de nombreux services :<\/p>\n<ul>\n<li class=\"top5\">Un r\u00e9seau europ\u00e9en couvrant l\u2019ensemble du territoire et capable de r\u00e9pondre \u00e0 toutes vos demandes de ponts roulants dans les plus brefs d\u00e9lais..<\/li>\n<li class=\"top5\">La s\u00e9curit\u00e9 apport\u00e9e par un r\u00e9seau europ\u00e9en de service apr\u00e8s-vente disponible et capable d\u2019intervenir tr\u00e8s rapidement.<\/li>\n<li class=\"top5\">La qualit\u00e9 et la fiabilit\u00e9 des composants de levage VERLINDE mat\u00e9rialis\u00e9es par une garantie de 5 ans*.<\/li>\n<li class=\"top5\">Une efficacit\u00e9 et une comp\u00e9titivit\u00e9 reconnues et uniformes que vous vous adressiez en France (\u00e0 Lille, Marseille, Bordeaux, Belfort, Rouen, Paris, Nantes, Lyon, Toulouse, Metz,&#8230;), en Belgique (Verlaine, Roeselare, Genk&#8230;) ou en Hollande (Groningen, Hengelo, Amsterdam, Dongen, Schiedam&#8230;).<\/li>\n<\/ul>\n<p><small>*Nous consulter pour les modalit\u00e9s d\u2019application.<\/small><\/p>\n<p>&nbsp;<\/p>\n\n\n<figure class=\"wp-block-image size-full\"><img loading=\"lazy\" decoding=\"async\" width=\"470\" height=\"374\" src=\"https:\/\/www.europont.fr\/site\/wp-content\/uploads\/2023\/02\/carte-5ans-garantie.png\" alt=\"\" class=\"wp-image-669\" srcset=\"https:\/\/www.europont.fr\/site\/wp-content\/uploads\/2023\/02\/carte-5ans-garantie.png 470w, https:\/\/www.europont.fr\/site\/wp-content\/uploads\/2023\/02\/carte-5ans-garantie-300x239.png 300w\" sizes=\"(max-width: 470px) 100vw, 470px\" \/><\/figure>\n","protected":false},"excerpt":{"rendered":"<p>EUROPONT est un fabricant de ponts roulants&#8230; Mais pas seulement et EUROPONT vous propose de nombreux services : Un r\u00e9seau europ\u00e9en couvrant l\u2019ensemble du territoire et capable de r\u00e9pondre \u00e0 toutes vos demandes de ponts roulants dans les plus brefs d\u00e9lais.. La s\u00e9curit\u00e9 apport\u00e9e par un r\u00e9seau europ\u00e9en de service apr\u00e8s-vente disponible et capable d\u2019intervenir [&hellip;]<\/p>\n","protected":false},"author":1,"featured_media":0,"parent":6,"menu_order":1,"comment_status":"open","ping_status":"open","template":"","meta":{"_acf_changed":false,"ngg_post_thumbnail":0,"footnotes":""},"class_list":["post-37","page","type-page","status-publish","hentry"],"acf":[],"aioseo_notices":[],"_links":{"self":[{"href":"https:\/\/www.europont.fr\/site\/wp-json\/wp\/v2\/pages\/37"}],"collection":[{"href":"https:\/\/www.europont.fr\/site\/wp-json\/wp\/v2\/pages"}],"about":[{"href":"https:\/\/www.europont.fr\/site\/wp-json\/wp\/v2\/types\/page"}],"author":[{"embeddable":true,"href":"https:\/\/www.europont.fr\/site\/wp-json\/wp\/v2\/users\/1"}],"replies":[{"embeddable":true,"href":"https:\/\/www.europont.fr\/site\/wp-json\/wp\/v2\/comments?post=37"}],"version-history":[{"count":10,"href":"https:\/\/www.europont.fr\/site\/wp-json\/wp\/v2\/pages\/37\/revisions"}],"predecessor-version":[{"id":670,"href":"https:\/\/www.europont.fr\/site\/wp-json\/wp\/v2\/pages\/37\/revisions\/670"}],"up":[{"embeddable":true,"href":"https:\/\/www.europont.fr\/site\/wp-json\/wp\/v2\/pages\/6"}],"wp:attachment":[{"href":"https:\/\/www.europont.fr\/site\/wp-json\/wp\/v2\/media?parent=37"}],"curies":[{"name":"wp","href":"https:\/\/api.w.org\/{rel}","templated":true}]}}