


{"id":404,"date":"2013-12-27T17:16:13","date_gmt":"2013-12-27T16:16:13","guid":{"rendered":"http:\/\/localhost:8888\/europont\/reseau\/reseau-benelux\/"},"modified":"2014-01-11T22:41:20","modified_gmt":"2014-01-11T21:41:20","slug":"reseau-benelux","status":"publish","type":"page","link":"https:\/\/www.europont.fr\/site\/reseau\/reseau-benelux\/","title":{"rendered":"R\u00e9seau B\u00e9n\u00e9lux"},"content":{"rendered":"","protected":false},"excerpt":{"rendered":"","protected":false},"author":1,"featured_media":0,"parent":16,"menu_order":1,"comment_status":"open","ping_status":"closed","template":"reseau_be.php","meta":{"_acf_changed":false,"ngg_post_thumbnail":0,"footnotes":""},"class_list":["post-404","page","type-page","status-publish","hentry"],"acf":[],"aioseo_notices":[],"_links":{"self":[{"href":"https:\/\/www.europont.fr\/site\/wp-json\/wp\/v2\/pages\/404"}],"collection":[{"href":"https:\/\/www.europont.fr\/site\/wp-json\/wp\/v2\/pages"}],"about":[{"href":"https:\/\/www.europont.fr\/site\/wp-json\/wp\/v2\/types\/page"}],"author":[{"embeddable":true,"href":"https:\/\/www.europont.fr\/site\/wp-json\/wp\/v2\/users\/1"}],"replies":[{"embeddable":true,"href":"https:\/\/www.europont.fr\/site\/wp-json\/wp\/v2\/comments?post=404"}],"version-history":[{"count":2,"href":"https:\/\/www.europont.fr\/site\/wp-json\/wp\/v2\/pages\/404\/revisions"}],"predecessor-version":[{"id":478,"href":"https:\/\/www.europont.fr\/site\/wp-json\/wp\/v2\/pages\/404\/revisions\/478"}],"up":[{"embeddable":true,"href":"https:\/\/www.europont.fr\/site\/wp-json\/wp\/v2\/pages\/16"}],"wp:attachment":[{"href":"https:\/\/www.europont.fr\/site\/wp-json\/wp\/v2\/media?parent=404"}],"curies":[{"name":"wp","href":"https:\/\/api.w.org\/{rel}","templated":true}]}}