


{"id":74,"date":"2013-12-04T21:51:04","date_gmt":"2013-12-04T20:51:04","guid":{"rendered":"http:\/\/localhost:8888\/europont\/?page_id=74"},"modified":"2018-06-28T08:46:16","modified_gmt":"2018-06-28T07:46:16","slug":"getec","status":"publish","type":"page","link":"https:\/\/www.europont.fr\/site\/news\/getec\/","title":{"rendered":"GETEC"},"content":{"rendered":"<h1>GETEC<\/h1>\n<p class=\"mb10\">La soci\u00e9t\u00e9 GETEC a choisi EUROPONT pour la fourniture d&rsquo;un pont roulant anti-d\u00e9flagrant et anti-\u00e9tincelles.<\/p>\n<p class=\"mb10\">Les composants VERLINDE des pont roulants EUROPONT sont disponibles en version EX conforme avec la directive ATEX 100a (94\/09\/CE) et la norme CE (marquage CE, documentations, attestation d\u2019examen de type CE, d\u00e9claration CE de conformit\u00e9). Selon la directive ATEX, le mat\u00e9riel est class\u00e9 d\u00e9sormais en 5 cat\u00e9gories selon le niveau de risque explosif dans la zone d\u2019utilisation.<\/p>\n<p class=\"mb10\">Cette unit\u00e9 de levage de 9 m\u00e8tres de port\u00e9e pour 5 tonnes de charge est destin\u00e9e \u00e0 la manutention des \u00e9quipements de forage p\u00e9trolier sur un site en Alg\u00e9rie.<\/p>\n<p><img loading=\"lazy\" decoding=\"async\" class=\"mt10\" alt=\"Une r\u00e9alisation GETEC\" src=\"http:\/\/www.europont.fr\/site\/wp-content\/uploads\/2013\/12\/forage.jpg\" width=\"298\" height=\"199\" \/><\/p>\n<p class=\"mt10\"><b>EUROPONT REGION NORMANDIE<\/b><\/p>\n<p>E-mail : <a href=\"mailto:boutonnier.adt-levage@wanadoo.fr\">boutonnier.adt-levage@wanadoo.fr<\/a><\/p>\n","protected":false},"excerpt":{"rendered":"<p>GETEC La soci\u00e9t\u00e9 GETEC a choisi EUROPONT pour la fourniture d&rsquo;un pont roulant anti-d\u00e9flagrant et anti-\u00e9tincelles. Les composants VERLINDE des pont roulants EUROPONT sont disponibles en version EX conforme avec la directive ATEX 100a (94\/09\/CE) et la norme CE (marquage CE, documentations, attestation d\u2019examen de type CE, d\u00e9claration CE de conformit\u00e9). Selon la directive ATEX, [&hellip;]<\/p>\n","protected":false},"author":1,"featured_media":0,"parent":22,"menu_order":2,"comment_status":"open","ping_status":"open","template":"","meta":{"_acf_changed":false,"ngg_post_thumbnail":0,"footnotes":""},"class_list":["post-74","page","type-page","status-publish","hentry"],"acf":[],"aioseo_notices":[],"_links":{"self":[{"href":"https:\/\/www.europont.fr\/site\/wp-json\/wp\/v2\/pages\/74"}],"collection":[{"href":"https:\/\/www.europont.fr\/site\/wp-json\/wp\/v2\/pages"}],"about":[{"href":"https:\/\/www.europont.fr\/site\/wp-json\/wp\/v2\/types\/page"}],"author":[{"embeddable":true,"href":"https:\/\/www.europont.fr\/site\/wp-json\/wp\/v2\/users\/1"}],"replies":[{"embeddable":true,"href":"https:\/\/www.europont.fr\/site\/wp-json\/wp\/v2\/comments?post=74"}],"version-history":[{"count":14,"href":"https:\/\/www.europont.fr\/site\/wp-json\/wp\/v2\/pages\/74\/revisions"}],"predecessor-version":[{"id":499,"href":"https:\/\/www.europont.fr\/site\/wp-json\/wp\/v2\/pages\/74\/revisions\/499"}],"up":[{"embeddable":true,"href":"https:\/\/www.europont.fr\/site\/wp-json\/wp\/v2\/pages\/22"}],"wp:attachment":[{"href":"https:\/\/www.europont.fr\/site\/wp-json\/wp\/v2\/media?parent=74"}],"curies":[{"name":"wp","href":"https:\/\/api.w.org\/{rel}","templated":true}]}}